Let s(j) = -349*j + 190. Is s(-33) a composite number?
True
Suppose -41775 = -5*z - 5*i, z - i - 997 = 7354. Is z composite?
False
Suppose -g + 6*g = -5, 2*g = -5*s - 1222. Let i = 455 + s. Is i a prime number?
True
Let c be 177168/26 - 5*6/195. Suppose -2*l + 0*l = -c. Is l composite?
False
Suppose -j + 6 = -3*j, -2*j = k + 14. Let m be 12/k*16/(-6). Let l = 7 - m. Is l a prime number?
True
Let v = 65 - 208. Let w = 168 - 396. Let b = v - w. Is b a prime number?
False
Let b = 15945 + -8776. Is b a prime number?
False
Let s be (-17)/102 - (-19)/6. Suppose 0 = -s*d + 5494 + 2015. Is d a composite number?
False
Let o(r) = r**2 - 6. Let h be o(-8). Let b be (h*1)/((-6)/(-81)). Is b/5 - (-12)/30 prime?
True
Suppose -26*w + 24*w = -8. Suppose -w*h + 3*m = -11752, 10*h - 5*h + m - 14709 = 0. Is h composite?
True
Let z(n) = 2*n - 8. Let f be z(-4). Let d(o) = -o**3 - 15*o**2 + 11*o + 11. Is d(f) a prime number?
False
Let n = 65 - 47. Let u(m) = m**3 - 16*m**2 + 14. Is u(n) prime?
False
Let k = -2 - -1. Let r = k + -6. Let d(w) = w**3 + 11*w**2 + 10*w - 3. Is d(r) a composite number?
True
Let r(i) = 338*i + 1. Suppose -d + 5*d = -l + 4, -l + 4 = -5*d. Suppose 0 = -l*p + 8. Is r(p) a composite number?
False
Suppose 0 = 2*u + 3*u - 2*h - 2445, -3*h = -3*u + 1458. Is u composite?
False
Let c = 1457 + -980. Suppose -2*l + 205 = -c. Suppose -5*x - 6 = -l. Is x prime?
True
Let t be (5 + -1)*(-15)/(-15). Suppose -o - 20 = t*o, -2*o + 1635 = c. Is c prime?
False
Let i = -9 + 27. Let t = 20 - i. Suppose 195 = o + t*o. Is o prime?
False
Is (4/22)/(-1) - 337875/(-55) composite?
False
Let y = -3 - -3. Suppose -3*l + 3 = y, 46 - 651 = -3*x - 5*l. Let b = 601 - x. Is b composite?
False
Is (2 + 49452/4)*(-2)/(-10) prime?
True
Suppose 2 = 2*d, 3*m - 12888 = -m + 4*d. Is m prime?
False
Let v(y) = 2*y**2 - 3*y + 21. Suppose 0 = 3*j - 5*j - 20. Is v(j) composite?
False
Let z(c) = c**3 + 15*c**2 + 29*c - 7. Let v = 133 - 121. Is z(v) prime?
True
Let p = -288 - -589. Is p a composite number?
True
Is 5839*((7 - 7) + 1) composite?
False
Suppose -143*m = -153*m + 57650. Is m a prime number?
False
Let g be (4 + -5 - -1)/(-3). Let d(c) = c**2 - 3*c - 4. Let h be d(4). Is 1*(31 + (h - g)) a prime number?
True
Is 5*(10 + (-7524)/(-55)) a prime number?
False
Let l(u) = -u**3 + 9*u + 11. Let z be l(-9). Let s be (-2)/((30/4)/(-15)). Suppose -s*g = 8, 7*h - 2*g - z = 2*h. Is h prime?
True
Suppose 0 = -3*d + c - 8, 0*c - 14 = 4*d - 2*c. Is 4/(0 + d) + 525 a composite number?
False
Is 3/6 + 99/(-22) - -28195 a composite number?
True
Let s be (1 - 3/12)*508. Suppose 4*l - 299 - s = 0. Suppose 0*z + l = 5*z. Is z a composite number?
True
Is (0 + 3/6)*207446 composite?
False
Let k = 8 + -6. Suppose -o = -0 - k. Let l = o + 32. Is l a composite number?
True
Suppose 3*z + 2*i - 17749 = 0, 4*z - 23696 = 2*i + 3*i. Is z a prime number?
False
Let w(x) = 413*x + 186*x - 3 + 555*x. Is w(1) a composite number?
False
Suppose 5*f - 650 = -3*o, 260 = 2*f + 2*o + 3*o. Suppose -5*u = -0*u - f. Let q = u + 27. Is q composite?
False
Suppose 0 = -5*q + 2*n + 179, -n = 5*q - 198 + 10. Is q a composite number?
False
Suppose 642 = -4*j - 1594. Let g = j - -1116. Is g composite?
False
Let h = 229 + -92. Let c(k) = -k**2 + 5*k - 4. Let q be c(3). Suppose -q*b + h = -17. Is b composite?
True
Let g = -891 + 142. Let w = g + 1900. Is w composite?
False
Let h(w) = w**2 - 3*w - 6. Let l be h(5). Suppose l*g + 10 = 2*g, 14 = -k - 2*g. Is (k + (-115)/(-10))*2 a prime number?
False
Let n(v) = 2*v + 28. Let c be n(-10). Let a(w) = 2*w**2 + 3*w + 11. Is a(c) composite?
False
Suppose 0 = 3*j + j - 12. Suppose 0 = j*y - 3*q - 237, -4*y + 197 + 89 = 2*q. Is y composite?
True
Let d(m) = 702*m - 26. Let n be d(7). Suppose 0 = -6*f - 2*f + n. Is f a composite number?
True
Let y be (1 + 4)/(5 + -4). Suppose 0 = g - 0*g - y*q + 13, -3*g + 5*q = -1. Suppose -3680 = -4*i + 2*m, 2*m - 3 + g = 0. Is i a composite number?
False
Let u(x) = x + 22. Let y be u(15). Suppose m = y + 406. Is m a prime number?
True
Suppose 2*j + 40975 = -8*h + 9*h, h - 40972 = -j. Is h prime?
True
Suppose l + 756 = 3*n + n, -5*l + 4*n - 3700 = 0. Let o = -1282 - l. Let j = o - -953. Is j a prime number?
False
Let g be 3/(-4)*(-80)/30. Suppose g*t = -2*m + 1116, -2*t + 0*m + 1146 = -4*m. Is t a composite number?
False
Let d = -10 + 17. Suppose 4 = r + 4*h, -3*r + 5 = h - d. Suppose -r*m + 509 = 121. Is m a prime number?
True
Suppose 0 = -4*z + 28*z - 480072. Is z composite?
True
Suppose 16 = t + 19. Let u(g) = g**3 - 3*g**2 - 4*g + 5. Let r(o) = -o**3 + 3*o**2 + 4*o - 5. Let z(w) = t*u(w) - 2*r(w). Is z(-4) prime?
False
Let h(n) = 712*n**2 + 19*n - 3. Is h(10) a prime number?
True
Is (-13)/(-39) + (-218435)/(-3) - -5 a prime number?
True
Suppose 4*u + 3545 = -4*q + 433, q + 3902 = -5*u. Let i = 1338 + u. Is i a composite number?
False
Let o be (-2)/8 + (-51)/(-12). Suppose -m + o*m = -3. Is 2*m/2*-67 prime?
True
Let k be 10 + -4 - 0/(-1). Is 28970/k - (0 + 4/(-6)) composite?
True
Suppose 5*u - 4*q = 58969, -10*q - 47168 = -4*u - 14*q. Is u prime?
False
Let m(f) = 2*f**3 - 10*f**2 - 14*f - 18. Let p be m(14). Suppose k = -k + p. Is k a composite number?
False
Let g = 33 - 56. Let c = -272 - -276. Is (g/c)/((-10)/40) a prime number?
True
Is ((-2)/(-4))/((184/1456)/23) a composite number?
True
Let v = 316 - -129. Is v a prime number?
False
Let j = 16149 + -9250. Is j a composite number?
False
Let w = 4624 - 423. Is w a prime number?
True
Let s(z) = 2*z**3 + 4*z**2 - 11*z - 27. Let x be s(-5). Suppose 3*o - 848 - 52 = 0. Let b = x + o. Is b composite?
True
Let w = 114 + -119. Let k(r) = -255*r - 16. Is k(w) a prime number?
True
Let g = -13463 - -21318. Is g a prime number?
False
Let k = -1539 + 4372. Is k a composite number?
False
Suppose 303 = 2*r + 5*q, 3*q + 0*q + 168 = r. Is r prime?
False
Let c be (-18)/9 - 1*-4. Suppose -7*l = -6*l - c, 0 = -2*n + 5*l + 4980. Is n a prime number?
False
Let j be (-6)/30 - 1/(-5). Let n(y) = y + 437. Is n(j) prime?
False
Is ((-6)/30)/((-478296)/(-95660) + -5) prime?
True
Let s be 14/3 - 4 - (-1300)/12. Suppose 3*i + 3 = 9. Suppose i*c - s = 85. Is c prime?
True
Let a = -2667 + 3986. Is a a prime number?
True
Let f = 17532 + 37. Is f a composite number?
False
Suppose -5*i - 2*v + 4*v + 71 = 0, -5*i + v = -68. Is i composite?
False
Let b = 17061 + -9458. Is b prime?
True
Let d(z) be the third derivative of 19*z**4/2 - z**3/3 + 4*z**2. Let m be d(2). Suppose 2*u - 4*h = m, 85 = u - 3*h - 144. Is u prime?
True
Let d(f) = -23*f + 1316. Let w be d(72). Let c be 1183/(-5) + (-4)/10. Let o = c - w. Is o prime?
True
Is (-7510)/(-25)*((-837)/(-6) - 7) prime?
False
Suppose 6*l = 8263 - 1285. Is l composite?
False
Let p(z) be the second derivative of -8*z**3 - 5*z**2/2 - 9*z. Is p(-9) a composite number?
True
Suppose 12*c - 424 = 4*c. Suppose -5*l + c + 3002 = 0. Is l a composite number?
True
Let v(h) = 3*h**2 + 56*h + 6. Is v(-25) composite?
True
Let m(k) = -11*k**3 - 5*k**2 - 3*k - 12. Let y be m(-5). Suppose 19*t + y = 20*t. Is t prime?
False
Suppose 5*p = 10*p - 19005. Suppose v - 8*v = p. Is 6/15 - v/5 composite?
False
Let p(v) = v + 18. Let x be p(-14). Suppose -4876 = -x*n - 3*j, 0 = 3*n + 4*j - 2608 - 1049. Is n composite?
True
Is (-2086)/((-5 + 7)*-1) a prime number?
False
Suppose -4*u + 6 = -2*u. Suppose 4*s = u*s + 20. Let z = s + -9. Is z prime?
True
Suppose 4*k = m + 3*k - 18, 4*m + 3*k - 86 = 0. Suppose 4*c = m - 8. Suppose -c*w + 449 + 124 = 0. Is w prime?
True
Let l(b) = 179*b + 4. Suppose -3*o = -17 - 7. Let f be l(o). Suppose 35*x - 33*x = f. Is x composite?
True
Let j = 31 - 29. Suppose -p - 5731 = -j*g, 2*g - 3*p - 2017 - 3724 = 0. Is g prime?
False
Let c(b) = -b**3 + 8*b**2 - 11*b. Let w be c(6). Is 7815/35 - w/21 a composite number?
False
Suppose 2*s + 6834 = 4*j, -2*s - 3*s = -5*j + 8555. Is j a composite number?
True
Suppose -2345597 + 160106 = -33*s. Is s a prime number?
False
Let x = 4035 + -740. Is x a composite number?
True
Suppose -6*w - 524 = -1472. Suppose 5*b - w - 177 = 0. Is b composite?
False
Is 9*(-186)/(-36)*(-5892)/(-18) prime?
False
Let z(m) be the third derivative of 29*m**5/60 + m**4/24 + 5*m**3/6 - 5*m**2. Is z(-6) a prime number?
False
Suppose -5*n + 18 = -8*n. Is n/(-9 - 3)*44/2 a com